 534 + -162. Let l = m + -195. List the prime factors of l.
3, 59
Let d = -252 - -784. Suppose 4*f + 338 = a, -f + d + 1074 = 5*a. Suppose -4*q - u + a = 0, -328 = -4*q - 0*q + 2*u. What are the prime factors of q?
3
Suppose -11 = 3*q + 5*h, -h - 8 = -q - 1. Let u = -19 + 22. Suppose -1 = z, z - q - u = -x. What are the prime factors of x?
7
Suppose 1087225 = 52*a - 862212 - 4827. List the prime factors of a.
2, 19, 23, 43
Let p = -6 + 10. Suppose 16 = -t - 4*b, 0 = -0*t - 4*t - 3*b - 12. Suppose -p*l = -t*l - 44. List the prime factors of l.
11
Let v(f) be the third derivative of f**6/120 - f**5/60 - f**4/12 + 3*f**3/2 - 24*f**2. Let n be v(0). Let q = 11 - n. What are the prime factors of q?
2
Let x = 16552 - -25439. What are the prime factors of x?
3, 13997
Let j be 35/(-28) + (-43732)/(-16). Suppose 15*n - 11*n = j. What are the prime factors of n?
683
Let w be ((-54)/(-21) + -2)/((-15)/(-105)). Suppose -20 = -5*x, -b = 3*b + w*x - 892. List the prime factors of b.
3, 73
Let m(l) = 2*l**2 + 3*l + 9. Let j be m(12). Let u = j + 50. List the prime factors of u.
383
Suppose 14238 = -9*y - 2619. Let w = -1141 - y. What are the prime factors of w?
2, 3, 61
Suppose -4*w + 11405 = i, -36*w + 40*w + 56857 = 5*i. List the prime factors of i.
31, 367
Suppose -3*p - 14 = -5*b, -4*p = 4*b + p - 26. What are the prime factors of (-105958)/(-279) + (-1)/((-18)/b)?
2, 5, 19
Suppose 6*f - 11*f = 15, -w + 1426 = 2*f. Suppose -279*q - w = -281*q. List the prime factors of q.
2, 179
Let x = -6511 - -7560. List the prime factors of x.
1049
Suppose -3*r + 2*c = -3498 - 1637, 0 = -2*r + 5*c + 3394. List the prime factors of r.
17, 101
Let t(a) be the first derivative of 5*a**2 + 18*a - 11. Let y be 4/(-66)*3 - 790/(-110). What are the prime factors of t(y)?
2, 11
Let a be 1 + (3 - 2/(-4)*-4). Let g(d) = 34*d**3 - 3*d**2 + 7*d - 9. What are the prime factors of g(a)?
5, 53
List the prime factors of ((-720552)/336)/((-1)/2).
4289
Let f = -47 + 47. Suppose f = 4*p - 4*d - 36, -4*d + 4 = -p - 2. What are the prime factors of -1 - 1073/(-9) - p/63?
2, 59
Suppose 20*u - 23*u = -132. Suppose -98 = -k + 4*x, -u - 84 = -k - 2*x. Let p = k + -26. What are the prime factors of p?
2, 23
Let b = 11766 - -3269. List the prime factors of b.
5, 31, 97
Suppose 40*m - 484340 = 179466 + 15634. What are the prime factors of m?
2, 3, 19, 149
Let o be (-3 + (-87)/(-21))*(-14)/(-4). Suppose -o*u + 1051 = -5*d, 524 = 2*u - 6*d + 4*d. Suppose 29 + u = 8*v. What are the prime factors of v?
2, 3
List the prime factors of (2 - (-16 - 288075/30)) + 3/(-2).
9619
Suppose 0 = 11*o + 87*o - 3354736. What are the prime factors of o?
2, 11, 389
List the prime factors of (4428 + (-1 - -1))/(16 + 6630/(-420)).
2, 3, 7, 41
Let x(b) = -2*b - 43. Let a(w) = -w - 14. Let o(m) = 8*a(m) - 3*x(m). Let l be o(-17). Suppose -l = -9*z + 66. What are the prime factors of z?
13
Let q = -19572 - -47271. What are the prime factors of q?
3, 7, 1319
Let f = 2594 - 833. List the prime factors of f.
3, 587
What are the prime factors of 53 + -12*5/20?
2, 5
Suppose -3*t + 6*t = -2*l - 644, -4*t + 2*l - 840 = 0. Let d = 1116 - 747. Let k = d + t. List the prime factors of k.
157
Suppose -5*h + 1217 = -4*x, 5*h - 3*x - 1229 = -5*x. Suppose y - 265 = 4*d - 5*d, d - 3*y = h. What are the prime factors of d?
2, 5, 13
Let y(m) = 23*m + 510. Let p be y(-22). Let n(s) = 26*s - 17. Let k(x) = -x. Let o(d) = -k(d) + n(d). What are the prime factors of o(p)?
7, 13
Let c = 12904 - 4959. What are the prime factors of c?
5, 7, 227
Suppose -3*o = -2*u - 22, -3*o = -2*u + 7*u - 8. Suppose -j + o*j - 8640 = 0. What are the prime factors of j?
2, 3
Suppose 7*j - 22 - 27 = 0. What are the prime factors of 92 - (j - (7 - 0))?
2, 23
Let q(u) = 8*u + 7 - u**2 + 7 + 3*u**2. Let c be q(-8). Let w = -38 + c. List the prime factors of w.
2, 5
Let f(n) = 6*n**2 + 10*n - 5. Let a(r) = -5*r**2 - 9*r + 4. Let o(q) = 4*a(q) + 3*f(q). Let u be o(-6). Let v = u - -63. What are the prime factors of v?
2, 7
Let f be ((-8)/3)/(2/6). Let n(z) = -23*z - 13. What are the prime factors of n(f)?
3, 19
Suppose -6*k + 36842 = 2*f, f - 4*k + 517 - 18924 = 0. List the prime factors of f.
5, 29, 127
Suppose 6*k = 180 + 90. Suppose 16310 = -31*g + k*g. What are the prime factors of g?
5, 233
Let x = 3507 + -2036. What are the prime factors of x?
1471
Suppose -9*f + 15*f - 102 = 0. Let y(r) = 43*r + 29 - f*r - 2 - 25*r. What are the prime factors of y(19)?
2, 23
Suppose -2*i - 2348 = -2*g, 2*g - 1207 = -3*i - 4714. Let o = i + 1844. What are the prime factors of o?
673
Let q(l) = 163*l + 1. Let s be q(-2). Let r = -40 - s. What are the prime factors of r?
3, 5, 19
Let p(r) be the first derivative of 26 - 13*r + 1/2*r**2. List the prime factors of p(22).
3
Let r(a) = 4*a**2 + 72*a - 487. What are the prime factors of r(37)?
3, 2551
Suppose 33605 + 51931 = 48*m. List the prime factors of m.
2, 3, 11
Suppose -2*b = -2*r + 9032, -1300*b = 4*r - 1297*b - 18078. List the prime factors of r.
2, 3, 251
What are the prime factors of 4 - 11 - (-5405 + -22)?
2, 5, 271
Suppose 4*g = v, 3*v + 0*v = -5*g. Suppose 4*x - 16*r = -11*r + 127, g = 2*x - 5*r - 61. List the prime factors of x.
3, 11
Suppose 420*w = 3*m + 425*w - 25925, -4*m = 2*w - 34562. What are the prime factors of m?
2, 3, 5
Suppose -6 = -6*o + 6. What are the prime factors of (3 + 941 + (-4)/(-2))/o?
11, 43
Let o = 155 + -143. Suppose 3*x - 407 = 2*r, 16*r = 5*x + o*r - 675. List the prime factors of x.
139
Suppose -26*l + 25*l = -9. List the prime factors of ((-4)/4)/(l/(-2853)).
317
Suppose 3*u = -5*f + 57287, -104*u + 109*u + 3*f - 95441 = 0. List the prime factors of u.
2, 13, 367
What are the prime factors of 232/(-10)*2256315/(-1436)?
3, 29, 419
What are the prime factors of (13/3)/((-300)/(-3730500))?
5, 13, 829
Let q(c) = -c**3 - 11*c**2 - 2*c - 19. Let n = 104 + -115. Let s be q(n). Suppose t - 107 = -a, 4*t = -s*a - t + 321. List the prime factors of a.
107
Let x(v) = -6*v - 3. Let y be x(3). Let z(c) = c**2 + 2*c - 2. List the prime factors of z(y).
397
Let l = -8491 - -14910. List the prime factors of l.
7, 131
Suppose q + 3*q - 144 = 0. Let b = q + -37. What are the prime factors of (b/3)/(1696/(-564) + 3)?
47
Let a(r) be the third derivative of r**6/120 + 11*r**5/60 - r**4/2 + 7*r**3/6 - 9*r**2. Let l be a(-12). What are the prime factors of (212/3)/((42/9)/l)?
2, 53
Let w(i) = -i**3 - 27*i**2 + 20*i - 117. Let z be w(-27). Let o = -388 - z. What are the prime factors of o?
269
Let o(a) = -a**3 + 2*a**2 + 5*a - 6. Let y be o(3). Suppose 4*f + 4*w - 2784 = y, -4*f + 0*f = 5*w - 2784. What are the prime factors of f?
2, 3, 29
Suppose -105693 = -21*j - 77348 + 88562. What are the prime factors of j?
19, 293
Let o(z) = 10*z + 45. Let f be o(-4). Let v(h) = 31*h + 39. What are the prime factors of v(f)?
2, 97
Suppose -2*f + 50 = j + 11, 0 = -j - 5. Suppose -f*t = -17*t - 1800. What are the prime factors of t?
2, 3, 5
Let b = -31201 - -53078. What are the prime factors of b?
131, 167
Let f(l) = 385*l + 2087. List the prime factors of f(14).
7477
Let t = -59 + 66. Let m = t + -9. List the prime factors of ((-20)/m)/((-2)/(-20)).
2, 5
Let d(f) = -f**3 + 8*f**2 - 10*f + 9. Let n(i) = -i - 10. Let q be n(-17). Let h be d(q). List the prime factors of 3/h - 798/(-24).
3, 11
Let c = -34 + 36. Suppose 7*o - 5*f - 240 = c*o, 0 = -o - f + 44. Suppose 0 = -3*h - 5*l + 136 + o, 4*h = -4*l + 248. List the prime factors of h.
2
Let n(o) = 2*o**2 - 41*o + 101. Let t be n(17). Let w(s) = -s**3 - 16*s**2 - 19*s - 83. List the prime factors of w(t).
907
Suppose 9 = -2*h + 73. Suppose -2*o - 2*o - 26 = n, n + h = -5*o. Let p = 132 - o. List the prime factors of p.
2, 3, 23
Suppose 3*b + x = 116306, -27933 - 10913 = -b - 10*x. List the prime factors of b.
2, 3, 7, 13, 71
Let a be 6/2 - (6 - (-5 - -13)). Suppose 4*q - a*y - 2677 = 0, 0 = -5*q - 0*y + 3*y + 3330. What are the prime factors of q?
3, 13, 17
Let y be (-9)/12 - (-5)/(-20). List the prime factors of ((-20)/30)/((2/1479)/y).
17, 29
Let p(r) = -2*r**2 + 25*r - 31. Let k be p(11). Suppose k*s - 204 = 1282. What are the prime factors of s?
743
Let o(n) = 1022*n**3 + 3*n**2 + 7*n - 25. What are the prime factors of o(2)?
13, 17, 37
Let s(t) = -23*t - 90*t - 15*t +